{"id":2,"date":"2017-04-14T15:06:57","date_gmt":"2017-04-14T15:06:57","guid":{"rendered":"http:\/\/pertinente.com.br\/site\/?page_id=2"},"modified":"2017-04-14T22:24:21","modified_gmt":"2017-04-14T22:24:21","slug":"sobre","status":"publish","type":"page","link":"https:\/\/pertinente.com.br\/site\/sobre\/","title":{"rendered":"Sobre o Pertinente"},"content":{"rendered":"<p>Este \u00e9 um blog onde ser\u00e3o veiculadas opini\u00f5es do editor contendo cr\u00edticas, avalia\u00e7\u00f5es, an\u00e1lises sobre diversos assuntos contempor\u00e2neos, a exemplo de Politica, Sociedade, Cidade, Pa\u00eds, Estado, Produtos e servi\u00e7os, Empresas, Dia a dia e outras informa\u00e7\u00f5es pertinentes.<\/p>\n<p>Convidamos, desde j\u00e1, para quem chegou at\u00e9 aqui, a colocar os seus coment\u00e1rios nos posts, sejam cr\u00edticas, observa\u00e7\u00f5es, considera\u00e7\u00f5es ou suas opini\u00f5es sobre o que leu. Ser\u00e1 bastante construtivo e produtivo. Desde j\u00e1 agradecemos a quem se der ao trabalho.<\/p>\n<p>Na medida do poss\u00edvel, ser\u00e1 evitado tomada de partido, ju\u00edzo de valor acerca de atitudes dos agentes (terceiros) respons\u00e1veis pelas motiva\u00e7\u00f5es dos assuntos aqui tratados, e polariza\u00e7\u00f5es ideol\u00f3gicas-partid\u00e1rias.<\/p>\n<p>Mas, como o cerne deste blog \u00e9 a emiss\u00e3o de opini\u00f5es e observa\u00e7\u00f5es sobre o que se passa no mundo, as an\u00e1lises podem vir a ser interpretadas, por algu\u00e9m que n\u00e3o concorde com a nossa opini\u00e3o, como algum tipo de partidarismo, ou mesmo, n\u00e3o ser de concord\u00e2ncia plena. Nesses casos, aceitamos as cr\u00edticas de quem tem opini\u00e3o divergente, ou que queira tamb\u00e9m fazer conhecer o seu lado do entendimento. Assim, n\u00e3o ser\u00e1 objeto de censura algum coment\u00e1rio publicado, que porventura se choque em opini\u00e3o com a do editor.<\/p>\n<p>Mas, h\u00e1 certos limites: aqui n\u00e3o ser\u00e3o apoiados assuntos apol\u00f3gicos a preconceitos e discrimina\u00e7\u00f5es (raciais, g\u00eanero, xen\u00f3fobos, defici\u00eancias), e nem, principalmente, qualquer assunto de cunho ilegal. Desta forma, coment\u00e1rios ser\u00e3o moderados, e eventuais coment\u00e1rios de natureza restrita poder\u00e3o ser removidos parcialmente ou integralmente. Mas em todos caso, ser\u00e1 publicado um aviso no lugar do coment\u00e1rio, informando o porque da ressalva.<\/p>\n<p>E independente desta p\u00e1gina vir a ser muito ou pouco acessada, as opini\u00f5es do editor continuar\u00e3o sendo publicadas, haja vista ele n\u00e3o viver disto, e escrever, principalmente quando se trata de desabafos, ser uma \u00f3tima terapia. Bastante Pertinente.<\/p>\n<p>Agradecemos a visita!<\/p>\n","protected":false},"excerpt":{"rendered":"<p>Este \u00e9 um blog onde ser\u00e3o veiculadas opini\u00f5es do editor contendo cr\u00edticas, avalia\u00e7\u00f5es, an\u00e1lises sobre diversos assuntos contempor\u00e2neos, a exemplo de Politica, Sociedade, Cidade, Pa\u00eds, Estado, Produtos e servi\u00e7os, Empresas, Dia a dia e outras informa\u00e7\u00f5es pertinentes. Convidamos, desde j\u00e1, para quem&hellip;<\/p>\n","protected":false},"author":1,"featured_media":0,"parent":0,"menu_order":0,"comment_status":"open","ping_status":"closed","template":"","meta":{"footnotes":""},"_links":{"self":[{"href":"https:\/\/pertinente.com.br\/site\/wp-json\/wp\/v2\/pages\/2"}],"collection":[{"href":"https:\/\/pertinente.com.br\/site\/wp-json\/wp\/v2\/pages"}],"about":[{"href":"https:\/\/pertinente.com.br\/site\/wp-json\/wp\/v2\/types\/page"}],"author":[{"embeddable":true,"href":"https:\/\/pertinente.com.br\/site\/wp-json\/wp\/v2\/users\/1"}],"replies":[{"embeddable":true,"href":"https:\/\/pertinente.com.br\/site\/wp-json\/wp\/v2\/comments?post=2"}],"version-history":[{"count":10,"href":"https:\/\/pertinente.com.br\/site\/wp-json\/wp\/v2\/pages\/2\/revisions"}],"predecessor-version":[{"id":38,"href":"https:\/\/pertinente.com.br\/site\/wp-json\/wp\/v2\/pages\/2\/revisions\/38"}],"wp:attachment":[{"href":"https:\/\/pertinente.com.br\/site\/wp-json\/wp\/v2\/media?parent=2"}],"curies":[{"name":"wp","href":"https:\/\/api.w.org\/{rel}","templated":true}]}}

<p>Este é um blog onde serão veiculadas opiniões do editor contendo críticas, avaliações, análises sobre diversos assuntos contemporâneos, a exemplo de Politica, Sociedade, Cidade, País, Estado, Produtos e serviços, Empresas, Dia a dia e outras informações pertinentes.</p>
<p>Convidamos, desde já, para quem chegou até aqui, a colocar os seus comentários nos posts, sejam críticas, observações, considerações ou suas opiniões sobre o que leu. Será bastante construtivo e produtivo. Desde já agradecemos a quem se der ao trabalho.</p>
<p>Na medida do possível, será evitado tomada de partido, juízo de valor acerca de atitudes dos agentes (terceiros) responsáveis pelas motivações dos assuntos aqui tratados, e polarizações ideológicas-partidárias.</p>
<p>Mas, como o cerne deste blog é a emissão de opiniões e observações sobre o que se passa no mundo, as análises podem vir a ser interpretadas, por alguém que não concorde com a nossa opinião, como algum tipo de partidarismo, ou mesmo, não ser de concordância plena. Nesses casos, aceitamos as críticas de quem tem opinião divergente, ou que queira também fazer conhecer o seu lado do entendimento. Assim, não será objeto de censura algum comentário publicado, que porventura se choque em opinião com a do editor.</p>
<p>Mas, há certos limites: aqui não serão apoiados assuntos apológicos a preconceitos e discriminações (raciais, gênero, xenófobos, deficiências), e nem, principalmente, qualquer assunto de cunho ilegal. Desta forma, comentários serão moderados, e eventuais comentários de natureza restrita poderão ser removidos parcialmente ou integralmente. Mas em todos caso, será publicado um aviso no lugar do comentário, informando o porque da ressalva.</p>
<p>E independente desta página vir a ser muito ou pouco acessada, as opiniões do editor continuarão sendo publicadas, haja vista ele não viver disto, e escrever, principalmente quando se trata de desabafos, ser uma ótima terapia. Bastante Pertinente.</p>
<p>Agradecemos a visita!</p>

<p>Este é um blog onde serão veiculadas opiniões do editor contendo críticas, avaliações, análises sobre diversos assuntos contemporâneos, a exemplo de Politica, Sociedade, Cidade, País, Estado, Produtos e serviços, Empresas, Dia a dia e outras informações pertinentes. Convidamos, desde já, para quem&hellip;</p>
