{"id":39,"date":"2017-04-14T22:31:49","date_gmt":"2017-04-14T22:31:49","guid":{"rendered":"http:\/\/pertinente.com.br\/site\/?page_id=39"},"modified":"2017-04-14T22:31:49","modified_gmt":"2017-04-14T22:31:49","slug":"politica-de-privacidade","status":"publish","type":"page","link":"https:\/\/pertinente.com.br\/site\/politica-de-privacidade\/","title":{"rendered":"Pol\u00edtica de Privacidade"},"content":{"rendered":"<p>A privacidade dos visitantes do Pertinentes \u00e9 muito importante para n\u00f3s que fazemos este servi\u00e7o. Reconhecemos a import\u00e2ncia da privacidade e tudo faremos para respeit\u00e1-la. A seguir, apresentamos o tipo de informa\u00e7\u00e3o pessoal que em alguns casos recebemos e coletamos quando se visita este site, e bem como guardamos essa informa\u00e7\u00e3o.<\/p>\n<p>Tal como outros alguns websites comumente utilizados, coletamos e utilizamos informa\u00e7\u00e3o contida nos registros fornecidos pelos softwares navegadores (browsers). A informa\u00e7\u00e3o contida nos registros inclui informa\u00e7\u00f5es do seu provedor de Internet (ISP: Internet Service Provider), o seu endere\u00e7o IP (Internet Protocol), o browser que utilizou ao visitar o nosso website (exemplos: Internet Explorer, Firefox, Chrome, Opera, etc.), o tempo da sua visita e que p\u00e1ginas visitou dentro do nosso website.<\/p>\n<p>Obs.:\u00a0Nunca venderemos as informa\u00e7\u00f5es acaso aqui coletadas para terceiros, sejam eles particulares ou empresas.<\/p>\n<p>Utilizamos cookies (arquivos\u00a0gerados pelos navegadores, que armazenam temporariamente identifica\u00e7\u00e3o das p\u00e1ginas que o internauta est\u00e1 visitando) para armazenar informa\u00e7\u00f5es, tais como as suas prefer\u00eancias pessoais quando algu\u00e9m visita o nosso site. Isto poder\u00e1 incluir a forma como nossas p\u00e1ginas foram acessadas, ou mesmo sua participa\u00e7\u00e3o nos servi\u00e7os que providenciamos (ex: blogs, coment\u00e1rios).<\/p>\n<p>Para a sua informa\u00e7\u00e3o, outros sites comumente usados, tais como\u00a0o Google, podem utilizar cookies para veicular an\u00fancios com base em visitas anteriores do usu\u00e1rio ao seu website ou a outros websites.<\/p>\n<p>Com o uso de cookies de publicidade, o <a href=\"https:\/\/support.google.com\/adsense\/answer\/1348695?visit_id=1-636209939763783088-1693368691&amp;ctx=as2&amp;rd=1\">Google <\/a>e os parceiros dele podem veicular an\u00fancios para os usu\u00e1rios com base nas visitas feitas aos seus sites e\/ou a outros sites na Internet.<\/p>\n<p>Os usu\u00e1rios podem desativar a publicidade personalizada acessando as Configura\u00e7\u00f5es de an\u00fancios. Uma alternativa: acessar o site <a href=\"http:\/\/www.aboutads.info\/\">http:\/\/www.aboutads.info<\/a> para desativar o uso de cookies de publicidade personalizada de terceiros.<\/p>\n<p>O usu\u00e1rio tamb\u00e9m pode desligar os seus cookies nas op\u00e7\u00f5es do seu browser, ou fazendo altera\u00e7\u00f5es nas ferramentas do seu antiv\u00edrus. Informamos que tal procedimento poder\u00e1 alterar a forma como se interage com o nosso site, ou mesmo com outros portais, e tamb\u00e9m poder\u00e1 afetar ou mesmo n\u00e3o permitir que fa\u00e7a logins no sites ou f\u00f3runs diversos na internet.<\/p>\n","protected":false},"excerpt":{"rendered":"<p>A privacidade dos visitantes do Pertinentes \u00e9 muito importante para n\u00f3s que fazemos este servi\u00e7o. Reconhecemos a import\u00e2ncia da privacidade e tudo faremos para respeit\u00e1-la. A seguir, apresentamos o tipo de informa\u00e7\u00e3o pessoal que em alguns casos recebemos e coletamos quando se&hellip;<\/p>\n","protected":false},"author":1,"featured_media":0,"parent":0,"menu_order":0,"comment_status":"closed","ping_status":"closed","template":"","meta":{"footnotes":""},"_links":{"self":[{"href":"https:\/\/pertinente.com.br\/site\/wp-json\/wp\/v2\/pages\/39"}],"collection":[{"href":"https:\/\/pertinente.com.br\/site\/wp-json\/wp\/v2\/pages"}],"about":[{"href":"https:\/\/pertinente.com.br\/site\/wp-json\/wp\/v2\/types\/page"}],"author":[{"embeddable":true,"href":"https:\/\/pertinente.com.br\/site\/wp-json\/wp\/v2\/users\/1"}],"replies":[{"embeddable":true,"href":"https:\/\/pertinente.com.br\/site\/wp-json\/wp\/v2\/comments?post=39"}],"version-history":[{"count":1,"href":"https:\/\/pertinente.com.br\/site\/wp-json\/wp\/v2\/pages\/39\/revisions"}],"predecessor-version":[{"id":40,"href":"https:\/\/pertinente.com.br\/site\/wp-json\/wp\/v2\/pages\/39\/revisions\/40"}],"wp:attachment":[{"href":"https:\/\/pertinente.com.br\/site\/wp-json\/wp\/v2\/media?parent=39"}],"curies":[{"name":"wp","href":"https:\/\/api.w.org\/{rel}","templated":true}]}}